mon divisor of n and 12?
12
Suppose 5*j - 5*i - 26 = 2*j, -4*i = 2*j + 12. Let o be ((-12)/(-8))/(3/4). Calculate the highest common factor of j and o.
2
Let o(a) = -a**3 - a**2 + 5*a + 4. Let x be o(-3). Let s = 8 - 6. Let w be s*((-53)/(-2) + -2). What is the highest common divisor of x and w?
7
Suppose -3*w + 13 = 5*x, -2*x + 4*x = -w + 5. Let v be 6 - (0 - (-1 + -1)). Let c be 1 + 2 - (v + -2). What is the greatest common divisor of w and c?
1
Suppose -5*h - 4*q + 45 = -0*h, q = 5. Let n(g) = -2*g + 7. Let r be n(h). Let o be (-32 + -1)/(r/2). What is the greatest common divisor of 11 and o?
11
Let n(u) = 7*u - 1. Let b be n(1). Let o be 102/30 - b/(-10). Calculate the highest common divisor of 4 and o.
4
Let d(r) = -2*r + 16. Let h be d(4). Calculate the highest common factor of 104 and h.
8
Let y be ((-2)/(-6))/((-5)/(-60)). Suppose y*w - 4 + 34 = z, -w - 120 = -4*z. What is the highest common divisor of 6 and z?
6
Let i(k) = 2*k**2 - 7*k + 11. Let g be i(4). Calculate the greatest common divisor of 15 and g.
15
Let y(r) = r + 17. Let h be y(-12). Suppose 41 + 48 = c - h*z, -4*z = 4*c - 428. Suppose 0 = 2*a + 2*a - 52. What is the highest common factor of a and c?
13
Let v be 9/21 + 837/7. Let x be ((-24)/32)/((-2)/v). What is the highest common divisor of x and 18?
9
Suppose 2*x - 18 = 10. What is the greatest common factor of 6 and x?
2
Let w(n) = n**3 - n**2 + n + 16. Let z be (-4)/18 - (-2)/9. Let y be w(z). Let i be ((-64)/10)/(2/(-10)). What is the highest common factor of y and i?
16
Let a be ((-18)/(-15))/(9/60). Let j be 8/(-8)*(-1 - a). What is the greatest common divisor of j and 72?
9
Let k = -20 + 36. Let g(d) = -2 + 3 - k*d + 0. Let w be g(-1). What is the highest common factor of 153 and w?
17
Suppose 3*h - 3*x - 274 = -2*x, 0 = 5*h + 4*x - 434. Calculate the highest common factor of 45 and h.
45
Let y = 83 + -41. Suppose 16 = -2*u + 142. What is the greatest common divisor of y and u?
21
Let b be 3/(9/96 - 0). What is the greatest common divisor of 16 and b?
16
Let r = 48 - 104. Let m be r*(-2 + (-3)/(-12)). What is the greatest common divisor of m and 14?
14
Let x = 1 - -11. Suppose -26 = -2*t - 0*t + u, 0 = -4*t - 4*u + 40. What is the greatest common factor of t and x?
12
Let f(m) = -3*m + 13. Let q be (4/(-6))/((-26)/(-351)). Let p be f(q). Calculate the highest common divisor of p and 4.
4
Let d(o) = -17*o**3 - 2*o**2 + o - 1. Let a be d(-2). Let y be a/5 - (4 - 2). Calculate the greatest common divisor of 115 and y.
23
Let u(k) = -k + 15. Let c be u(11). Suppose -5*b = 4*l - 3 - 7, 0 = -2*b - c. Calculate the greatest common divisor of l and 20.
5
Suppose -9*j - 25 = -14*j. Calculate the highest common divisor of j and 1.
1
Let h(f) = -13*f - 2. Let v be h(-9). Suppose 0*g + n = -g + 15, 3*n + v = 5*g. What is the highest common factor of 4 and g?
4
Let n = -92 + 119. Let a(t) = t**2 - 3*t. Let s be a(6). Calculate the highest common divisor of s and n.
9
Let u be (6*(-4)/(-2))/(-1). Let i be 0 - -2 - 4 - u. Let p(v) = 3*v - 8. Let b be p(i). What is the highest common divisor of 33 and b?
11
Let g = -23 + 38. Suppose 3*t + 3 = g. Suppose -t*v + 108 = 4*u, 4*u - v - 2 = 91. Calculate the greatest common divisor of u and 36.
12
Let n(p) = -10*p - 2. Let c be n(-5). What is the greatest common divisor of c and 12?
12
Let j = -14 - -4. Let a be (-228)/j + 1/5. What is the greatest common divisor of a and 184?
23
Let p = 14 + -1. What is the greatest common factor of p and 39?
13
Suppose w = -2*w + 39. Calculate the highest common divisor of w and 65.
13
Let w(q) = -11*q - 30. Let j be w(-15). Calculate the highest common factor of j and 54.
27
Suppose 3*h = -2*m + 7 + 4, -18 = h + 5*m. What is the greatest common factor of h and 35?
7
Let m be ((-8)/10)/(1/(-10)). Let y = 6 - 4. Let g be 415/4 + y/m. Calculate the highest common factor of g and 13.
13
Let g = 22 - 14. Let b(k) = 7*k + 11. Let t be b(3). What is the highest common factor of g and t?
8
Let q(b) = -b**3 - 6*b**2 + 5*b - 10. Let d be q(-7). Let h be d + 3/((-12)/(-16)). Calculate the highest common divisor of h and 88.
8
Let d be (4/(-14) - (-2400)/70) + 0. What is the highest common divisor of d and 204?
34
Let u be (-972)/28 - 2/7. Let i = -13 - u. What is the highest common divisor of 11 and i?
11
Let j be -16*(0 - -1 - 5). Calculate the greatest common divisor of 8 and j.
8
Suppose 4*q - q - 42 = 0. Let v be -1 - 127*2/(-2). What is the greatest common factor of v and q?
14
Let w(r) = -r**2 - 3*r + 4. Let z be w(-5). Let p(a) = -3 + 0*a - 9*a - a**3 - 7*a**2 - 5 + 2. Let c be p(z). Calculate the highest common factor of c and 36.
12
Let k(m) = 2*m - 2. Let s be k(2). Suppose s*y - 11 = 1. Suppose -5*q + 63 = 5*h - y*q, -4*h + 4*q = -60. Calculate the greatest common factor of h and 18.
6
Suppose 5*w + 2*n = 202, 2*w - w - 2*n = 38. Suppose 2*q + 4 = -2, 2*t - 7 = -q. Suppose -2*p + p + t = 0. What is the greatest common factor of p and w?
5
Let f be 10/4 + 6/(-4). Let p be -3 - (f + -2) - -3. Suppose -29 = -b + p. What is the highest common divisor of 45 and b?
15
Let t be (-7 + 8)*1*35. What is the greatest common divisor of t and 7?
7
Let c be 310*(-4)/32*-4. Suppose 4*f - c = -23. Calculate the greatest common divisor of 3 and f.
3
Suppose -8*z + 4*z + 36 = 0. Let s = 21 - 11. Let a = s + 71. Calculate the greatest common factor of z and a.
9
Let i be 370 + 0 + (-2)/(-1). Suppose 0 = 2*p - 4*h - 180, 4*p - i = 4*h + h. What is the greatest common factor of p and 14?
14
Suppose 4*z - 36 = -0*z. Calculate the greatest common factor of 9 and z.
9
Let i be (1 + 12/8)*12. Calculate the greatest common divisor of 6 and i.
6
Suppose -f = -2*f - 2*m + 50, -f + 3*m = -60. What is the highest common factor of 27 and f?
27
Suppose -2*l = f - 27, 3*l - 41 = f + 7. What is the greatest common divisor of l and 165?
15
Suppose 0*t = 4*t - 5*h - 1090, 3*h = -3*t + 804. Calculate the highest common divisor of 27 and t.
27
Let g = 62 + -53. Calculate the highest common factor of g and 1.
1
Suppose -y + 7 = -8. Calculate the highest common divisor of y and 45.
15
Suppose 4*n - 20 = 4*g - g, 0 = 4*g + 2*n + 56. Let a = g + 22. What is the greatest common divisor of a and 80?
10
Let n be (0 - 2) + 60/6. Let h = n + 1. What is the greatest common divisor of 1 and h?
1
Let g(z) = 7*z + 5. Let c be g(4). Suppose -m = -2*m + c. What is the greatest common divisor of m and 11?
11
Let t = -11 - -16. Let n(a) = -a**3 + 6*a**2 - 2*a + 7. Let i be n(t). What is the greatest common divisor of 33 and i?
11
Suppose 5*w - z = -0*w + 1556, 0 = 2*w + 2*z - 620. Suppose 4*y + j - w = 0, -4*y - y + 397 = 4*j. Calculate the highest common divisor of 11 and y.
11
Suppose 1 = 4*f - 15. Suppose 4*g - 2*c - 69 = -3*c, -f*c = -5*g + 60. Suppose 2*p = -2*p + 2*o + g, -3*o = 0. What is the highest common factor of 36 and p?
4
Suppose -5*p + 440 = -5*w, -3*w = 3*p - 114 - 162. Calculate the greatest common divisor of 9 and p.
9
Let q(j) = j**2 + 2 + j**3 - j + 0*j**3 - 3*j**2. Let p be q(3). Let d be 8/(-10)*(-2 + -28). What is the greatest common divisor of d and p?
8
Let d be (0/(-1) + -3)/(-1). Let z be (d - 6)/((-6)/140). Calculate the greatest common factor of 14 and z.
14
Let b = -3 - -5. Suppose 4*w - 220 = -b*i - 0*i, 0 = -4*i + w + 449. Suppose 5 = g, 4*g + i = -3*x + 7*x. What is the highest common divisor of x and 22?
11
Let w(q) = -q**3 + 5*q**2 + 2*q - 7. Let z be w(4). What is the greatest common divisor of z and 153?
17
Let h = 137 - 125. Calculate the greatest common factor of 30 and h.
6
Let b be ((-8)/6 - 0)*3. Let k = 1 - b. Calculate the greatest common divisor of 2 and k.
1
Let l = -19 - -58. Suppose 3*r - 15 = 6*r. Let v = 31 + r. What is the greatest common factor of l and v?
13
Suppose -2*p - 5*y - 2 = 0, 2*p + 14 = 3*y - 4. Let z be p + 47 + 2 + 1. Calculate the greatest common factor of z and 11.
11
Suppose -2*a = -5*a + 120. Suppose -120 = g - 3*g. What is the highest common divisor of g and a?
20
Let c(h) = -8*h**3 + 3*h + 3. Let k be c(-1). Calculate the greatest common divisor of 24 and k.
8
Let h = -14 + 20. Suppose -h = -o - 4*f, -4*o - 4*f + 17 + 31 = 0. Let j be 4/o + (-183)/(-21). What is the highest common divisor of j and 81?
9
Suppose -586 + 42 = -4*w. 